= 2*d - 0*t, -t = -3*d + 96. Let r = d + -32. Let z(y) be the third derivative of -y**5/60 - y**4/24 - 5*y**3/6 - 3*y**2. Give z(r).
-5
Suppose -2*l = -3*k - 22, k - 2*k = 2*l - 22. Let r be (l + -1 + -4)/(-2). Let s(n) = -n**3 - 5*n**2 - 3*n - 2. What is s(r)?
-11
Suppose 3*o = -5*o. Let l(w) = 4*w**2 - 3. Let d(j) = -3*j**2 + 3. Let s(n) = -3*d(n) - 2*l(n). What is s(o)?
-3
Let d be 137/3 + (-6)/(-18). Let l(z) = -5*z + 47*z**2 - 5 - d*z**2 + 6*z. Determine l(0).
-5
Let s(k) = -k**2 + 1 - k - 4 + 2 + 2. Let l be 136/32 + (-3)/(-4). Let z(d) = -6*d**2 - 6*d + 2. Let i(r) = l*s(r) - z(r). Give i(-3).
9
Let o = -188 + 186. Let l(m) = -m - 1. Let t(f) = 4*f + 2. Let h(w) = 6*l(w) + 2*t(w). Give h(o).
-6
Let l(x) = -x**2 + 2. Suppose 4*k = 4*a + 7 + 13, -10 = -2*k - 2*a. Let q(i) = -3*i**2 + i + 4. Let f(p) = k*l(p) - 2*q(p). Give f(4).
10
Let j(f) = -f. Suppose 5*c = 3*p + 11, c - 97*p = -95*p - 2. Determine j(c).
-4
Suppose -u + 0 - 5 = 0. Let j(f) be the third derivative of -7*f**4/12 - 2*f**3/3 + 3*f**2. Let a(g) = -5*g - 1. Let c(k) = 17*a(k) - 6*j(k). Determine c(u).
12
Let q(s) = -s + 3 + 11 + 13 - 1 - 2. Give q(6).
18
Suppose 0 = 3*r - 25 + 16. Let q(j) = -10*j**3 + 9*j**r - 5*j + 0*j - 5*j**2 - j - 2. Give q(-4).
6
Let q(b) = 7*b + 472 - b**2 - 463 + 3*b. Calculate q(10).
9
Let o(b) = -33*b - 3. Let v be o(-1). Let d = 31 - v. Let z(u) be the second derivative of -u**4/12 - 2*u. Give z(d).
-1
Let o(g) = 13*g - 6. Let v(s) = 7*s - 5. Let x(l) = -6*o(l) + 11*v(l). Determine x(-12).
-7
Let f(n) = 0*n**3 + 0*n**3 - 1 + 2 - 4*n**3. Let j(k) = -k**3 + 2*k**2 + 2*k - 1. Let m be j(2). Suppose m*b + 2*b - 3 = 2*y, -3 = b - 4*y. Determine f(b).
-3
Let s(j) be the first derivative of 5*j**2/2 + 4*j - 5. Let r be 2 + (-2)/(4/(-4)). Suppose -r*b + 5*b + 3 = 0. Determine s(b).
-11
Suppose -22*i - 18 = -28*i. Let w(r) = -10*r + 4. Let g(p) = -p. Let y(x) = -3*g(x) + w(x). What is y(i)?
-17
Let w(d) = 3*d - 8 + d - 3*d**2 + 4*d**2 - 5*d. Let i be w(6). Let n be 33/i*4/(-6). Let p(x) = -15*x**3 - 2*x**2 + 1. Give p(n).
14
Let u(a) be the third derivative of -a**6/360 + a**5/15 + 5*a**4/6 - 11*a**2. Let t(m) be the second derivative of u(m). Give t(6).
-4
Let s(a) be the first derivative of a**4/4 - 2*a**3 + 5*a**2/2 + a + 105. Determine s(5).
1
Suppose 0 = -4*a - 8, -2*a + 3 = -4*m + 7. Let z(s) be the second derivative of -s**4/12 + s**3/6 - 17*s**2/2 - 2161*s. What is z(m)?
-17
Let n(g) = g**3 - 2*g**2 + 1. Let f be (18/(-10) - 0)*(-10)/6. Give n(f).
10
Let f(p) = -p**2 - 2*p + 2. Let n(z) = -z**3 + 3*z**2 - 5*z + 4. Suppose 0 = 5*i + 29 - 39. Let h be n(i). Determine f(h).
2
Suppose 3*x + 2*x = 20. Let s(a) = -3 + 0 + x - 132*a**2 + 116*a**2 + a. Calculate s(-1).
-16
Let m = -18 - -30. Let q(i) = i**3 - 11*i**2 - 12*i. Let p be q(m). Let h = p - -1. Let k(b) = 7*b**2 - 1. Give k(h).
6
Let m(w) be the third derivative of w**6/120 + w**5/15 + w**4/24 + 6*w**2. Let x be m(-2). Let c be (-2 - -4) + 12/x. Let p(d) = d**2 - 7*d + 6. Give p(c).
-6
Let m(y) = y + 11. Let u(x) = -x - 10. Let q(j) = -6*m(j) - 7*u(j). Let l(w) = 2*w. Let h be l(-4). Determine q(h).
-4
Let t(h) = h**2 - 8*h + 7. Suppose 16*b = 5*b + 66. Calculate t(b).
-5
Let o(n) = n**2 + n - 1. Let u(v) = -v + 1. Let h be u(-1). Let s(w) = 0 + 5*w + 0 - w - w**h. Let y(q) = 2*o(q) + s(q). What is y(-6)?
-2
Let r(k) = k - 5. Let b be r(13). Let a = 6 - b. Let m(l) be the second derivative of -l**4/4 - l**3/3 + l**2 - 4*l. Determine m(a).
-6
Let p(s) be the first derivative of -3/2*s**2 + 13 - s. Calculate p(1).
-4
Let l(x) be the first derivative of x**4/2 + 4*x**3/3 + 3*x**2/2 + 2*x - 1. Let c be ((-10)/6)/((-65)/(-78)). Give l(c).
-4
Let u = -899 + 900. Let g(c) = -4*c**2 - 4*c + 3. Let y(j) = -j**2 - j + 1. Let h(a) = g(a) - 3*y(a). What is h(u)?
-2
Let i = 7 + -7. Let t(f) = 3*f - 4. Let z be t(i). Let r(j) = -5*j - 8. Let o(l) = 2*l + 3. Let w(m) = 11*o(m) + 4*r(m). What is w(z)?
-7
Let j be (-16)/(-8) + 10/1. Let w be j/18*(-3)/(-1). Let g(u) = -4 + 3*u**w - 6*u - 2*u**2 + 7*u - 6*u. Determine g(4).
-8
Let j(k) = k**2 + 4*k - 3. Let l be (-4 - 2/(-2)) + 9 + -6. Suppose -5*h = 4*t + 1, h + l = -t - 1. Determine j(h).
18
Let a be 0/((-1)/(-1) - -1). Let j = a - 4. Let y(q) be the third derivative of -q**4/24 - q**3/6 + 6*q**2. Determine y(j).
3
Let i(k) = k - 8. Let f(n) = -3*n**2 - 31*n + 28. Let z be f(-11). What is i(z)?
-2
Let c(w) = -7*w - 5 + 2 + 8*w - w**3 + w**2 + 3*w. Let h(p) = p**3 - 4*p**2 - 5*p + 2. Let u be h(5). What is c(u)?
1
Let p(z) = -z**3 - 13*z**2 - 14. Suppose 13*b - 163 + 332 = 0. Determine p(b).
-14
Let f(u) = u - 3. Let g(n) = -2*n**2 + 5*n - 4. Let b be g(6). Let a be 9/(-12) + b/(-8). Suppose -a*d + 17 = -18. Determine f(d).
4
Let c(q) be the third derivative of -q**5/60 + 3*q**4/8 + 5*q**3/6 - 19*q**2. Suppose -5*a = 0, 2*d = -3*d - 4*a + 50. Calculate c(d).
-5
Let x(j) = -5*j + 5. Let n(w) = -7*w + 6. Let b(f) = 11*n(f) - 15*x(f). Let d be -6 + (1 - 0 - 1). Determine b(d).
3
Let i(a) = -a + 2*a - 262*a**3 + 1 - 261*a**3 + 3*a**2 + 524*a**3. Determine i(-2).
3
Let n(p) = -2*p - 9. Let j(l) = 5*l + 21. Let u(r) = -4*j(r) - 9*n(r). Give u(7).
-17
Let l(f) = -5*f**2 - 4*f + 1. Let y(o) = o**2 + o. Let j(m) = -l(m) - 4*y(m). Let x(z) = z + 11 + 1 - 3. Let i be x(-6). Calculate j(i).
8
Let f(u) be the first derivative of -3*u**4/4 + u**2 + u - 1. Suppose -29*o - 50 = -21. Calculate f(o).
2
Suppose -h - 2*a = -3*h + 10, 4*h - 11 = a. Let x(j) = -44 + 42 + j**h + j - 2*j. Calculate x(3).
4
Let s(f) = -37*f**2 + 2*f**3 - f**3 + 9 + 31*f**2 - 4*f. Calculate s(6).
-15
Suppose 4*n + 18 - 6 = 0. Let w(x) be the first derivative of x**2 + 2*x + 7. Calculate w(n).
-4
Let p(k) = -k**3 - 12*k**2 - 21*k + 16. Let c(y) = -2*y. Let w(q) = 6*c(q) - p(q). Determine w(-11).
6
Let c(h) = 4*h**2 + 41*h + 5. Suppose -660*u = -669*u - 90. Give c(u).
-5
Suppose -8*t + 13 = -59. Let j(u) = -6*u + 3*u + u + t. Let d be (-11 - -3)/(1 - 2). Determine j(d).
-7
Let r(v) be the second derivative of -v**5/20 - v**4/3 + v**3 + 5*v**2/2 + 3*v + 15. Give r(-5).
0
Let j(i) = -4*i - 30. Let w(m) = m + 9. Let h(q) = -2*j(q) - 7*w(q). Give h(-5).
-8
Let g(o) = -o. Let x(r) = -3*r - 16. Let y(v) = -2*g(v) + x(v). Let h be 34/255 - 137/15. Calculate y(h).
-7
Let t(d) = 6*d - 2. Let a(f) = -6*f + 1. Let w(n) = -5*a(n) - 2*t(n). Give w(1).
17
Let n = -272 - -266. Let m(r) = r**2 + 12*r + 8. What is m(n)?
-28
Let c(g) = 3*g + 70 - 34 - 35. Give c(1).
4
Let x(c) = c**2. Let p(r) = 10*r**2 - 6. Let q(z) = -9*z**2 + 5. Let j(u) = -4*p(u) - 5*q(u). Let i(d) = j(d) - 6*x(d). Determine i(0).
-1
Let f(s) = 6*s**3 - s**2 - 2*s - 1. Let u = -4 - -3. What is f(u)?
-6
Let m(z) = 12*z**3 - 17*z**2 + 4*z - 17. Let a(l) = -7*l**3 + 9*l**2 - 2*l + 9. Let f(o) = 5*a(o) + 3*m(o). Determine f(5).
-21
Let v(z) = z**3 - 2*z**2 - 5*z + 5. Suppose -25 = -6*j + 23. Suppose 28 = j*b - b. Calculate v(b).
17
Let q(a) = -a + 8. Let s = -245 - -252. Give q(s).
1
Let q(p) = 0 - 2 - 9*p + 8*p. Suppose 0 = 2*x - 2 + 16. Determine q(x).
5
Let v = 52 - 23. Let t = v - 24. Suppose 5*l + p + 4*p - t = 0, -2*p + 5 = -l. Let i(o) = 5*o**2 - o. Give i(l).
6
Let b(q) be the second derivative of 3*q**3/2 + q**2 + 12*q. Suppose r + 10 = 6*r. Determine b(r).
20
Let a(n) be the second derivative of -1/60*n**5 + 0 + n**3 - 1/2*n**2 - n - 5/24*n**4. Let y(o) be the first derivative of a(o). Determine y(-6).
0
Let x(j) = j**2 + j + 25. Suppose 0 = -4*l - 2 - 2, 4*q - l = 1. Calculate x(q).
25
Let y(t) = -6*t**2 + 77*t - 28. Let b(w) = 4*w**2 - 54*w + 19. Let h(r) = 7*b(r) + 5*y(r). What is h(6)?
-37
Let n(x) be the first derivative of 5*x**4/4 + 234. Give n(1).
5
Let o(b) = -4*b**2 - 1. Let z(q) = q**2 - 14*q + 1. Suppose -2*c + 8 = -0*f + 4*f, -27 = -3*c - 3*f. Let w be z(c). What is o(w)?
-5
Let r(a) be the first derivative of -9*a**2/2 - a - 223. Determine r(4).
-37
Let z(t) be the second derivative of t**5/20 - 5*t**4/12 + t**3/2 + t + 113. Give z(4).
-4
Let m be ((-5)/(-15))/((-1)/(-18)). Let j(r) be the third derivative of 1/60*r**5 + r**3 + 4*r**2 - 1/4*r**4 + 0*r + 0. Calculate j(m).
6
Let d(u) = 20*u**2 - 26*u - 20*u**3 + 32*u**2 - 14*u**2 - 5 - 13. Let q(z) = -7*z**3 + 13*z**2 - 9*z - 6. Let a(y) = 6*d(y) - 17*q(y). Calculate a(6).
12
Let